tor of 498 and 185340?
6
What is the highest common divisor of 336 and 1799184?
48
What is the highest common divisor of 4254822 and 858?
858
Calculate the greatest common divisor of 79632 and 273.
21
Calculate the greatest common factor of 19658716 and 539.
77
Calculate the greatest common factor of 11940 and 42200.
20
What is the greatest common divisor of 18096030 and 675360?
6030
Calculate the greatest common factor of 84 and 9775592.
4
What is the greatest common divisor of 1080 and 473796?
108
What is the greatest common divisor of 169 and 524797?
13
What is the greatest common divisor of 721456 and 293428?
2692
What is the greatest common divisor of 2760904874 and 182?
182
Calculate the greatest common divisor of 68938023 and 57.
57
Calculate the highest common factor of 41712 and 1002826.
1738
Calculate the highest common factor of 13141640 and 1140.
20
Calculate the highest common divisor of 412 and 355548.
4
Calculate the highest common factor of 16 and 50621792.
16
Calculate the highest common factor of 63 and 503979000.
21
Calculate the highest common divisor of 729 and 28903329.
9
Calculate the greatest common factor of 146397678 and 3885.
777
What is the highest common factor of 20748 and 36855?
273
Calculate the highest common factor of 5 and 14509139.
1
Calculate the greatest common divisor of 219 and 8623271.
73
What is the greatest common divisor of 4199 and 4989296?
221
What is the greatest common factor of 6265 and 102207210?
6265
What is the highest common factor of 276 and 26159372?
92
What is the highest common factor of 68119 and 8874?
17
Calculate the highest common divisor of 9457 and 542137.
193
What is the greatest common factor of 1436526 and 858?
78
What is the greatest common factor of 146432 and 18896?
16
What is the greatest common factor of 1665 and 30838095?
45
What is the greatest common factor of 1689119 and 16245?
361
Calculate the greatest common factor of 6136172 and 11907.
49
What is the greatest common factor of 913176 and 693?
99
What is the greatest common factor of 109645245 and 666?
333
What is the highest common factor of 78623538 and 476?
238
What is the highest common divisor of 41968 and 142801?
61
What is the greatest common factor of 6192703 and 44?
11
What is the highest common factor of 13328 and 5769358?
1666
Calculate the highest common divisor of 248520 and 1222.
2
Calculate the greatest common factor of 64228350 and 28240.
3530
What is the highest common factor of 2032479 and 10314?
27
What is the greatest common factor of 344115 and 379801?
2549
Calculate the highest common factor of 3612218 and 32177.
1399
What is the highest common divisor of 383751219 and 13044?
3261
What is the highest common factor of 303 and 6449557?
101
What is the greatest common divisor of 84276 and 37836?
36
What is the greatest common divisor of 2464 and 120928?
32
What is the highest common divisor of 65746687 and 47039?
2767
Calculate the highest common factor of 87120 and 197109.
1089
Calculate the highest common factor of 1078353 and 10305.
9
Calculate the highest common factor of 106 and 414565682.
106
Calculate the highest common divisor of 75 and 8031075.
75
Calculate the greatest common divisor of 5799 and 19911.
3
What is the greatest common divisor of 30 and 12850845?
15
What is the highest common factor of 1037712368 and 2618?
2618
Calculate the highest common factor of 19815 and 16955.
5
What is the highest common factor of 6861586 and 9703?
313
What is the greatest common divisor of 8093498 and 44668?
1718
Calculate the greatest common factor of 805 and 152191.
23
What is the highest common factor of 53 and 107321555?
53
Calculate the greatest common divisor of 12 and 6495654.
6
Calculate the greatest common factor of 635786520 and 90.
30
What is the highest common factor of 490 and 98285915?
245
Calculate the greatest common factor of 208 and 875719.
13
What is the greatest common divisor of 192055540 and 3720?
620
Calculate the greatest common divisor of 31296 and 199536.
48
Calculate the highest common factor of 660 and 234010590.
330
What is the highest common divisor of 393 and 912180903?
393
Calculate the greatest common divisor of 342116 and 70132.
356
What is the greatest common divisor of 6308 and 149112?
76
What is the greatest common factor of 21 and 270454737?
21
What is the highest common divisor of 1528540 and 4940?
260
Calculate the highest common factor of 1880452460 and 1545.
515
Calculate the highest common factor of 964478 and 7106.
646
What is the highest common factor of 424 and 3947758?
106
What is the greatest common divisor of 37904944 and 7?
7
What is the highest common factor of 53598996 and 11?
11
Calculate the greatest common divisor of 226682 and 8.
2
Calculate the greatest common divisor of 86196 and 66374.
22
What is the highest common factor of 57086 and 19274?
46
Calculate the highest common factor of 646071 and 4557.
93
What is the highest common divisor of 19 and 13169071?
19
What is the greatest common divisor of 105 and 7330295?
35
What is the greatest common factor of 444 and 17872?
4
Calculate the highest common factor of 31482 and 6169284.
594
Calculate the highest common factor of 43038716 and 17634.
5878
Calculate the greatest common divisor of 1643649 and 27552.
861
What is the highest common factor of 451 and 25762924?
451
Calculate the greatest common factor of 28133096 and 2959.
269
Calculate the highest common factor of 350460 and 553597.
649
Calculate the greatest common divisor of 136535 and 4151.
7
Calculate the highest common factor of 82178241 and 156354.
7107
What is the greatest common divisor of 912 and 152239248?
912
What is the greatest common divisor of 1673445 and 391065?
435
Calculate the highest common divisor of 14989952 and 896.
128
What is the highest common factor of 16484 and 10949497?
4121
Calculate the greatest common factor of 9622237 and 1.
1
Calculate the greatest common factor of 5693368 and 7480.
136
What is the greatest common divisor of 3657405 and 236037?
2337
What is the highest common divisor of 15 and 50996067?
3
Calculate the highest common factor of 1437646 and 7028.
14
What is the greatest common divisor of 4814271 and 1573?
11
What is the greatest common factor of 43682000 and 5000?
1000
What is the highest common factor of 11375703 and 1071?
153
Calculate the highest common divisor of 58376 and 21368.
8
Calculate the highest common factor of 23132300 and 600.
100
Calculate the highest common factor of 7154889 and 42.
21
Calculate the highest common factor of 30755927 and 9837.
1093
Calculate the greatest common factor of 132 and 364772.
4
Calculate the greatest common factor of 6369963 and 449.
449
Calculate the greatest common factor of 35816 and 485551.
407
What is the highest common divisor of 3796236 and 576?
36
What is the greatest common divisor of 455758795 and 8620?
2155
What is the highest common factor of 240524765 and 6955?
6955
Calculate the greatest common divisor of 125700 and 22175.
25
What is the greatest common factor of 13298 and 2225017?
109
What is the highest common factor of 16081 and 7682070591?
16081
Calculate the greatest common divisor of 67565021 and 51.
17
Calculate the greatest common divisor of 15914709 and 74103.
4359
What is the greatest common factor of 111306370 and 280?
70
What is the highest common divisor of 8238912 and 3384?
1128
What is the highest common factor of 4377483 and 306?
153
What is the highest common divisor of 948647 and 406?
7
What is the highest common factor of 369817 and 1393?
7
Calculate the highest common factor of 10113 and 101591827.
3371
Calculate the highest common divisor of 38908 and 806494751.
9727
Calculate the greatest common factor of 1648 and 1398779552.
1648
What is the highest common divisor of 5122656 and 184646?
1694
Calculate the highest common factor of 45580 and 25493.
53
Calculate the greatest common divisor of 280700 and 7560.
140
What is the greatest common factor of 183519 and 64197?
63
What is the highest common divisor of 6790 and 41409494?
1358
Calculate the greatest common divisor of 8568468 and 57.
57
Calculate the highest common divisor of 5263036 and 2987.
29
Calculate the greatest common factor of 290 and 30904865.
145
Ca